t x be c(0). Let p(w) = x*w**h + 0*w**3 + 1 - w**3 - 5*w + 2. Determine p(3).
-3
Suppose -4*q = 2*c - 14, 6*c + 5*q = 4*c + 15. Suppose 4*h + h = 5*y - 10, -3*y - 4*h = -13. Let u(m) = 0*m + 6 - 2*m + 3 - y. Give u(c).
-4
Let w(l) = -l**3 + l**2 + l. Let v(q) = 3*q**3 + 4*q**2 - 11*q - 9. Let p(z) = -v(z) - 2*w(z). Determine p(-7).
-5
Let f(o) = -2*o + 15. Let y be f(5). Let v(x) = x**3 - 5*x**2 + x - 6. What is v(y)?
-1
Let g(c) be the first derivative of 0*c + c**3 - 3 - 1/2*c**4 + 0*c**2. Suppose 5 = 2*h + 1. What is g(h)?
-4
Let t(u) = 6*u**3 + 8*u**2 - 3*u + 4. Let x(o) = 5*o**3 + 7*o**2 - 3*o + 3. Let p be 2*(2 + -1 + 1). Let a(h) = p*t(h) - 5*x(h). Calculate a(-4).
5
Let t(s) be the first derivative of -7*s**2/2 + 3*s + 1. Calculate t(2).
-11
Let u(q) be the first derivative of -q**4/2 - q**3 - 3*q**2/2 - 3*q + 32. Give u(-2).
7
Suppose -5*n = -2*n - 18. Let t(w) = w**3 - 5*w**2 - 4*w - 4. Calculate t(n).
8
Let d(z) = -z - 12. Let m be d(-5). Let h(i) = -i**3 - 6*i**2 + 9*i + 4. Give h(m).
-10
Let n(t) be the third derivative of t**7/2520 - t**5/120 + t**4/12 - 3*t**2. Let u(h) be the second derivative of n(h). What is u(-2)?
3
Let k(a) = 5*a**3 - 10*a**2 - 11*a + 4. Let d(v) = -6*v**3 + 11*v**2 + 12*v - 5. Let i(o) = -6*d(o) - 7*k(o). Calculate i(-3).
-4
Suppose -5*y = -3*y + 6. Let r be y - (-3 + 3) - -8. Let i(d) = d + 0 - r - 7 + 2. Determine i(0).
-10
Let f(b) = -7*b**2 - b + 1. Let u(h) = -6*h**2. Let q(z) = -5*f(z) + 6*u(z). Give q(4).
-1
Suppose -10*f - 6*f = -14*f. Let t(c) be the third derivative of -1/24*c**4 + 4*c**2 - 1/6*c**3 + 0*c + f. Give t(3).
-4
Let k(j) = -5*j**3 + 2*j**3 + 3*j**3 - j**3 + 2. Let w be (-48)/(-27) - 4/(-18). Give k(w).
-6
Let f(s) = s**3 - 4*s**2 - 3. Let m be f(4). Let x(q) = -5*q + 6. Let z(i) = -i + 1. Let k(b) = -2*x(b) + 11*z(b). Give k(m).
2
Let x = -38 + 36. Let u(f) = 4*f**2 + 3*f + 1. What is u(x)?
11
Let r be 12/(-15)*15/(-6). Suppose 0 = -r*d - 5*n - 6, 0*d = -4*d - 3*n + 2. Let k(s) = s + 0*s - 1 - d*s. Determine k(5).
-6
Let h(p) be the first derivative of p**3/3 + p**2 + 8. What is h(-2)?
0
Let s(v) = -v**2 + v + 7. Let l = 1 + 2. Let x = l - 3. Let p be 0/(1*(1 + x)). Calculate s(p).
7
Let j(f) = 2*f. Let z be j(1). Suppose z*n - n + 5 = 0. Let v(l) = -l - 2. Give v(n).
3
Let b(c) be the third derivative of c**8/6720 - c**7/840 + c**6/240 - c**5/60 - c**4/12 + 5*c**2. Let s(p) be the second derivative of b(p). What is s(3)?
7
Let n(s) = -2*s**2 - s + 2. Let d(z) = z**3 - 8*z**2 + 8*z - 4. Let r be d(7). Suppose -5 + r = w. Determine n(w).
-4
Suppose 5*b - 26 = -2*x, 2*x - 12 = -3*b + 2. Let m(t) = 2*t**3 + 3 - 2 - b*t**2 - t**3 + 7*t. Calculate m(5).
11
Let l = -56 + 60. Let s(z) be the second derivative of -1/3*z**l + z + 0 - 1/20*z**5 + 0*z**2 - 1/2*z**3. Calculate s(-3).
0
Let g(j) = j**2 + 8*j - 13. Let t be g(-9). Let m(l) = 1 + 5 + l - 7 + l. Give m(t).
-9
Let o(p) = -p**2 + 4*p + 7. Let t be o(5). Let y = t - -1. Let j(v) = -1 + 2*v + v**2 + 5 - 4*v. What is j(y)?
7
Let l(z) be the first derivative of 6*z + 6 - 5/2*z**2 + 2*z**3 - 1/4*z**4. Calculate l(5).
6
Let s be ((-6)/(-9))/((-4)/(-18)). Let p = -5 + s. Let m = p - -1. Let i(o) = -8*o**2. Give i(m).
-8
Suppose 14*x - 4*x = 11*x. Let v(u) = u**2 - u + 5. Calculate v(x).
5
Let m(c) = 7*c**3 + 10*c**2 - 13*c + 10. Let i(l) = 3*l**3 + 5*l**2 - 6*l + 5. Let s(n) = -3*n + 4. Let q be s(3). Let b(u) = q*i(u) + 2*m(u). Calculate b(-6).
7
Let v(n) be the first derivative of 3*n**2/2 - n - 1. Suppose 2*y = 3*y - 9. Suppose y*q + 5 = 4*q. What is v(q)?
-4
Suppose 0 = -5*i + 4 + 1. Let v be (-7 + i)*3/(-6). Let t(n) = -2*n**2 + 2*n + 1. Determine t(v).
-11
Let s(i) = -i**2 + 5*i + 4. Suppose -3*b = 4*x - 27, -5*b + 5*x = 7 - 17. Calculate s(b).
4
Suppose 5*b - 4 = 6. Let n(o) = -o + b + 0 + 2*o - 1. Calculate n(-5).
-4
Suppose -4*p = -3*p + 3. Let u(j) = j**3 + 4*j**2 + j - 3. Let i be u(-3). Let s(t) = t**2 + i*t + 5 + 2*t - 1. Give s(p).
-2
Let a(g) = -2091*g**3 + 4*g**2 + 3*g**2 + g + 7 + 2090*g**3. Determine a(7).
14
Suppose -5*c = 78 + 2. Let m be c/6*3/(-2). Let w(j) = -2*j + 5. Give w(m).
-3
Let l(f) = -f - 6. Let d be (-4)/14 - (-8)/28. Suppose 1 = 2*m - 9. Let j = d - m. What is l(j)?
-1
Suppose n = 4*k + 11, 4*k + 1 = 2*n - 17. Let q be (n - 1)*6/6. Let w(b) = -3*b**2 - b**3 + 5*b**2 + 3*b**2 + 7*b. What is w(q)?
6
Let q(i) = -3*i**2 + 7*i. Let c(t) = 2*t**2 - 6*t. Suppose o = -0*o + 3. Let u(v) = o*q(v) + 4*c(v). Give u(-3).
0
Let y(z) be the first derivative of -3*z**4/2 - z**3/3 - z**2/2 + z + 44. What is y(1)?
-7
Let h be 4*(-4)/(-16)*3. Let f(c) = -c**3 + 4*c**2 - 2*c + 1. Let a be f(h). Let t(b) be the first derivative of b**3/3 - 3*b**2/2 - 5*b - 1. Give t(a).
-1
Let d(c) = -c**3 - 5*c**2 - 3*c + 2. Let t be d(-4). Let v = 24 + -24. Let o(j) = -4*j**2 + 3*j**2 + 1 - 2 + v. What is o(t)?
-5
Let s(a) = a + 1. Let t(i) = -6*i**2 + i. Let j(k) = -k**3 - 7*k**2 - 10*k + 1. Let f be j(-5). Let y be t(f). What is s(y)?
-4
Let g(n) be the second derivative of 7/6*n**3 + 1/12*n**4 + 7*n - 1/2*n**2 + 0. Determine g(-6).
-7
Let h(k) be the second derivative of 2*k**4/3 + k**3/3 - k**2/2 - 4*k. Let s = -3 - -4. What is h(s)?
9
Let k(h) be the first derivative of -h**4/4 - 4*h**3/3 + h**2 - 3*h + 36. Calculate k(-5).
12
Let r(q) be the third derivative of -q**4/6 + q**3/3 - 21*q**2. Determine r(4).
-14
Let c be (0/(-5))/(3 + -1). Let k(g) = 2*g - 2. Let u be k(-2). Let x be c*(1 - u/(-4)). Let a(s) = -s**2 + s. Determine a(x).
0
Let t(v) be the third derivative of v**4/24 - 4*v**3/3 - 4*v**2. Give t(7).
-1
Let x(j) = 5*j - 9*j - j**2 + 5*j + 4. Calculate x(-4).
-16
Let f(u) be the first derivative of u**4/2 - 4*u**3/3 + u**2 + 2*u - 2. Let j be f(2). Let t = -1 + j. Let v(s) = -s**3 + 5*s**2 + 2. What is v(t)?
2
Suppose 2*j - 5 = 7. Let y(v) = -j*v - 5*v**2 - v**2 - 2 - 5 - v**3. Determine y(-5).
-2
Let w be 24/10 + (-2)/5. Let p = -17 - -8. Let k(x) = -2*x - 7. Let l(i) = -i - 3. Let v(g) = p*l(g) + 4*k(g). What is v(w)?
1
Let j(v) be the second derivative of 0*v**3 + 1/20*v**5 - 3/2*v**2 + 0 + 5/12*v**4 + v. Let m = -7 - -2. Give j(m).
-3
Suppose 4*x - 6 = -2. Let l be (2 - 3 - -3)/x. Let j(f) = -f + 3*f - 3*f**2 + l*f**2 - 1. Calculate j(2).
-1
Let g(w) = -w**3 + 4*w - 9*w - 2244 + 2242 + 5*w**2. Determine g(4).
-6
Let n(c) = -c + 1. Let p be 0 + -1 - (1 - -4). Give n(p).
7
Let i(k) be the third derivative of -k**5/60 + k**4/8 - k**3/6 + k**2. Let l be i(3). Let n(q) be the first derivative of -5*q**2/2 - 1. Calculate n(l).
5
Suppose -2*p + 5*p - 2*f - 23 = 0, -2*p = f - 6. Let w(t) = -p + 9*t - 4*t - t**2 + 1. Give w(3).
2
Let c be ((-2)/4)/((-3)/36). Suppose 5*h - 5*s - c = h, -5*s + 2 = -2*h. Let t(x) be the third derivative of x**4/24 + x**3/3 - 5*x**2. Determine t(h).
6
Let x(b) be the third derivative of -b**5/60 + 3*b**4/8 - 4*b**3/3 + 34*b**2. Calculate x(6).
10
Let a(y) = -8*y + 7*y**2 - 1 + 2*y - 8*y**2. What is a(-5)?
4
Let h(c) = 4*c + 1. Let z be h(-1). Let i(w) = 7*w**3 - 15*w**2 + 15*w - 1. Let q(v) = -3*v**3 + 7*v**2 - 7*v. Let l(d) = -4*i(d) - 9*q(d). Determine l(z).
-5
Suppose -2*j = 4*k - 12, -3*k + 4*k + 3*j + 7 = 0. Let n(s) be the third derivative of 1/24*s**4 + 0*s - s**2 + 0 + 0*s**3. Give n(k).
5
Suppose i + 2*q + 7 = -2*q, 5*i - 2*q - 31 = 0. Suppose i*b = -6 - 4. Let m(l) = l**3 + l**2. Determine m(b).
-4
Let f(o) be the third derivative of o**5/60 + o**4/4 + o**3/2 + 23*o**2. What is f(-3)?
-6
Suppose -4*l + 15 = l. Let u(q) be the first derivative of 1 - 7/2*q**2 - 1/3*q**l - 7*q. Calculate u(-5).
3
Let q(b) = 1 - 4 + 2 - 2*b + b. Let z(s) = -s. Let w(y) = 3*q(y) - z(y). Determine w(-2).
1
Let z(k) = k**3 - 7*k**2 + 6*k + 4. Let d be z(6). Suppose 0 = -2*n + 2*x + 6, -7 = -n + d*n + x. Let g(a) = -3*a**2 + a + 1. What is g(n)?
-3
Let r = 4 + -6. Let n(b) = -4*b - 1. Let m(s) = -5*s - 1. Let a(p) = -2*m(p) + 3*n(p). Let f be a(r). Let k(q) = q**2 - q - 4. What is k(f)?
2
Suppose 23 = -5*n - 22. Let j = 5 + n. Let a(b) be the first derivative of b**4/4 + b**3 - 2*b**2 - 2*b - 1. Calculate a(j).
-2
Let b(a) = -2*a**2 - 1. Let z(t) = -13*t**2 + 5*t - 4. Let u(w) = 6*b(w) - z(w). Calculate u(6).
4
Suppose 17 = 5*r + a, 9 = 4*a + 1. Let p be 2*(-4 - 21/(-6)). Let c(f) = -1. Let j(w) = w + 3. Let d(t) =